t is the highest common factor of q and v?
4
Suppose 5*o = -8*s + 13*s + 1505, -s + 1179 = 4*o. Suppose 3*n - 4*v = 238, 2*n + 5*v + 390 = 7*n. What is the highest common divisor of n and o?
74
Suppose y - 36 = 41. Let z = -4482 - -4489. What is the greatest common divisor of y and z?
7
Let j = -232 - -384. Suppose w + j = 5*w. Calculate the highest common divisor of 190 and w.
38
Suppose -3*s - s + 10 = -b, 5*b = 4*s - 2. Suppose 13*f - 10*f = 12. Suppose 11 = 4*u + 5*p, 2*u - p - f*p = 43. What is the greatest common divisor of u and s?
3
Suppose 1363 = 16*q + 13*q. Let f(o) = 7*o + 3. Let m be f(8). Let n = m - q. What is the highest common factor of n and 60?
12
Let z(q) = 9*q - 5. Let j be z(5). Let l be 510/j*((-24)/9)/(-1). Suppose -459 = -6*d + 3*d. What is the highest common divisor of l and d?
17
Suppose -8*k = -7855 - 12529. What is the greatest common divisor of 84 and k?
28
Let w be 2*38 - 8/8. Let u = 75 - w. Let v be (u + -2)*(54/(-4) - -1). Calculate the highest common divisor of 10 and v.
5
Let m be 72/540*89 - (26/30 - 1). Calculate the highest common factor of 3228 and m.
12
Suppose 12*x - 9 - 87 = 0. Let i = 207 - 71. Calculate the greatest common divisor of x and i.
8
Let g(n) = -5*n + 127. Let u be g(30). Let x(y) = 4*y + 130. Let f be x(u). Calculate the greatest common factor of 133 and f.
19
Let s = -16 - -21. Let d(c) = 2*c**2 + 2*c - 5. Let u be d(s). Let v = u + -44. What is the highest common divisor of 198 and v?
11
Suppose -9*f = -13*f - 908. Let j = -62 - f. Calculate the highest common divisor of 55 and j.
55
Let l(s) = 8*s + 110. Let p be l(-13). Let t(y) = 12 + 5 + 2*y + 5*y. Let x be t(7). What is the highest common factor of x and p?
6
Let j(q) = q**3 + 4*q**2 - 11*q + 14. Let u = -199 + 193. Let f be j(u). What is the highest common factor of 64 and f?
8
Let f be (-5 + 356)/(-3) + -3. Let v be (0 - 106/(-1)) + f/20. Calculate the highest common factor of v and 25.
25
Suppose -4*v = 2 - 2. Suppose v*o = o + 2*s - 154, 5*o - 794 = -2*s. Suppose -o = 35*u - 36*u. What is the highest common factor of 20 and u?
20
Suppose -w = 2*w - 18. Suppose 3*y - w*y = -15. Suppose -y*a + 560 = -5*g, 4*a - 4*g + g - 446 = 0. What is the highest common divisor of 11 and a?
11
Suppose 3*b - 205 + 34 = 0. Let d = -182 + 440. Let n = d - 239. What is the highest common factor of n and b?
19
Let d = -3877 - -3885. Let s = -6 - -14. Calculate the greatest common divisor of s and d.
8
Suppose 2*k - 5*t = 6, 4*t + 12 = -3*k + 7*k. Let r be 1*(685 - (k - 8)). What is the greatest common factor of r and 23?
23
Let a(w) = 21*w - 14. Let o be a(1). Let s(n) = 122*n + 166. Let l be s(o). What is the highest common divisor of l and 60?
60
Let z(o) = o**2 + 7*o + 15. Let w be z(-7). Let x(c) = -2*c**3 - 16*c**2 - 6*c + 71. Let y be x(-7). Calculate the highest common divisor of w and y.
15
Let s be 1675/(-10) + (-2)/(12/15). Let u = s + 204. Calculate the highest common divisor of u and 306.
34
Let v(w) = -w**3 + 6*w**2 - 7*w + 6. Let i be v(4). Suppose 0 = 22*t + 24*t + 5*t - 1530. What is the highest common divisor of i and t?
10
Suppose 133*j - 835 - 495 = 0. Calculate the greatest common divisor of 250 and j.
10
Suppose 166*k - 135*k - 67518 = 0. Calculate the highest common divisor of k and 1386.
198
Let l be 9/(18/64) - (-1 - 0). Suppose 6*i - i = -3*k + 663, 527 = 4*i - k. Calculate the greatest common factor of i and l.
33
Suppose -71*x + 1134 = -64*x. Suppose -2*g + x = 3*r - r, -r - 319 = -4*g. What is the highest common factor of g and 40?
40
Suppose -5*p + 3*r + 16 = 0, -5*r = -4*p - 0*p + 5. Suppose -p*u = -369 + 84. Suppose 29*j + 63384 = 168*j. What is the greatest common factor of u and j?
57
Let b = -95 - -99. Suppose -u - b*p + 135 = -9*p, -369 = -3*u + 3*p. Suppose -10*r = -8*r - u. What is the greatest common divisor of 12 and r?
12
Let g = 2 + 6. Suppose 0 = 4*z - 6*z + g. Let h be (z/8)/((-3)/12) - -44. Calculate the greatest common divisor of 7 and h.
7
Suppose -4*h = q - 584, 5*h - 5*q - 743 = -3*q. Calculate the greatest common factor of 231 and h.
21
Let w be (5/2)/(2*(-10)/(-160)). Suppose 6*f - 160 = w. What is the highest common divisor of 210 and f?
30
Let q = 1853 - 1731. Calculate the greatest common divisor of q and 1647.
61
Let l(z) be the second derivative of -z**4/12 + 10*z**3/3 - 75*z**2/2 + z + 38. Let v be l(11). Calculate the highest common factor of v and 9.
3
Let a(d) = d**3 + 9*d**2 - d + 5. Let n be a(-7). Calculate the greatest common divisor of n and 1130.
10
Let j(x) = -x**2 - 12*x + 150. Let d be j(-19). What is the highest common factor of d and 3213?
17
Suppose 0*c + 1188 = 3*c. Let a = -4017 + 4061. What is the highest common divisor of c and a?
44
Suppose -5522*u + 5521*u = -303. What is the highest common divisor of 6 and u?
3
Suppose 0 = 30*i - 541 + 505 - 1164. Let p = 30 - 10. Suppose j = 2*j - p. What is the highest common factor of i and j?
20
Let l be (-5)/(-10)*(1 - 87). Let o = -53 - l. Let i be (-116)/o + 2/5. What is the greatest common divisor of 4 and i?
4
Let l(d) = 5*d**2 - 1022*d + 10111. Let f be l(10). Suppose -4*j = -2*j - 34. Calculate the highest common factor of f and j.
17
Let y be ((7 - 1) + 2*(-58038)/(-36))*3. Calculate the highest common factor of y and 11.
11
Let v(y) = -y**2 + 23*y - 110. Let c be v(16). Suppose -2*o = 3*h + c*h - 6100, -2*o + 3664 = 3*h. What is the highest common divisor of h and 87?
87
Let j(y) = -7*y**3 - 29*y**2 - 5*y + 8. Let u be j(-4). Calculate the highest common divisor of u and 20.
4
Suppose 6*m - 2 = -14. Let j be (-1 - (-4 - -7))/(m/14). What is the greatest common divisor of 70 and j?
14
Suppose 0 = -9093*p + 9141*p - 23664. Suppose -6*m = -3*m - 102. What is the highest common factor of p and m?
17
Suppose -4*p + p + 300 = 0. Let h be (-30)/p*(-5)/6*28. Let d be 4/(5/(-14) + h/14). What is the greatest common factor of 252 and d?
28
Suppose -a = 2*a + 42. Let w(k) = 68*k + 4*k + 3*k**2 - 14 + 25 - 30*k. Let y be w(a). Calculate the greatest common factor of y and 88.
11
Let g be 6/(-21) + 58476/42. Suppose -4*s = -1175 + 983. What is the greatest common factor of s and g?
48
Let x(t) = 4*t + 384 + 5*t + t - 19*t. Let k be x(31). Calculate the highest common divisor of k and 135.
15
Let c(r) = -r**2 - 3*r + 30. Let u be c(0). Suppose 2*k = -1 + 9. Let l = u - k. What is the greatest common factor of l and 208?
26
Suppose -2*o = 3*p - 21, 5*o - 6*p = -8*p + 36. Let t be (-4 - o/(-45)*-5)*-3. Let s be 586/t - (-11)/77. What is the greatest common divisor of s and 336?
42
Let f be -1*(6 + 0 + -22). Let g(z) = 8*z**3 - z**2 - 4*z. Let r be g(4). Calculate the greatest common factor of r and f.
16
Suppose 0 = 4*p - 156 + 228. Let f = 54 + p. Calculate the greatest common factor of 90 and f.
18
Let c = -2707 + 3707. What is the greatest common factor of 2 and c?
2
Let v = -94 - -107. Let t be v/(-1)*(-2 + 2 - 11). What is the highest common factor of 26 and t?
13
Let l(q) = q**3 - 9*q**2 - 8*q - 23. Let p be l(10). Let h be p/(((-7524)/280)/(-9) + -3). What is the highest common factor of h and 126?
42
Let s(r) = -2*r**3 + 5*r**2 + r - 7. Let n = 23 - 19. Let u be s(n). Let d = u + 62. Calculate the highest common factor of 55 and d.
11
Suppose -5*t + 10 = -15. Let c = t + -3. Suppose 0 = -5*x - 4*k + 72, 6*x - 3*k - 39 = c*x. What is the highest common divisor of 12 and x?
12
Let z = -743 - -1380. Suppose 0 = 383*a - 1030 - 8125 - 9612. Calculate the highest common factor of a and z.
49
Let a(z) = 29*z**2 + 13*z + 2. Suppose -4*q = -5*p + q - 20, 0 = p - 5*q + 8. Let t be a(p). Calculate the highest common factor of t and 7.
7
Suppose -7 = -2*d + 11. Let l be 20/(280/294) + 12. What is the highest common factor of l and d?
3
Let t(z) = 23*z**2 - 80*z + 904. Let l be t(11). Calculate the highest common factor of l and 28.
7
Let a(x) = x**3 - 124*x**2 - 6*x + 160. Let o be a(0). Calculate the greatest common divisor of o and 365.
5
Let j = 1072 + -409. Calculate the greatest common divisor of j and 39.
39
Suppose -9*m - 29 + 161 = -246. What is the greatest common divisor of m and 486?
6
Let p be (-624)/(-36)*(6 + 72/(-16)). Let w be (13*8)/((-6)/(-12)). What is the greatest common divisor of w and p?
26
Let i(u) = 24 - u - 33 + 2